s 4 + -32113?
-32105
In base 16, what is -24 + 7452?
742e
In base 5, what is 43 - 141?
-43
In base 7, what is 56 + -2614?
-2525
In base 16, what is -18b5f - -2?
-18b5d
In base 2, what is -1011 + -11001001001?
-11001010100
In base 14, what is 27c21b - 1?
27c21a
In base 6, what is -1243202 + -2?
-1243204
In base 15, what is b0 - -20a0?
2160
In base 10, what is -4135 + 5?
-4130
In base 2, what is -11010 + 11100110100000?
11100110000110
In base 9, what is -13045 + -3?
-13048
In base 2, what is 11010111000111 + -11100?
11010110101011
In base 3, what is -2012202220 - -22?
-2012202121
In base 8, what is -175 - 44?
-241
In base 6, what is -30 - -10?
-20
In base 13, what is 1a90 - -23a?
1cca
In base 2, what is -10001110 - -111101111?
101100001
In base 6, what is -210304 - -542?
-205322
In base 14, what is -4 - cd79?
-cd7d
In base 9, what is 3065 + -81?
2874
In base 14, what is c19 - -d?
c28
In base 2, what is 1111011111011011 + 0?
1111011111011011
In base 16, what is -5 + -1442ee?
-1442f3
In base 6, what is -101 + 50324?
50223
In base 12, what is -105 - 58?
-161
In base 16, what is -2271 - -15a?
-2117
In base 4, what is -13210110302 - 1?
-13210110303
In base 7, what is -6 - -66034?
66025
In base 6, what is -300 + 131335?
131035
In base 16, what is 99a - -214?
bae
In base 15, what is 4 - -5258b?
52590
In base 10, what is 18555 + 0?
18555
In base 10, what is -25346 + -5?
-25351
In base 13, what is 319 - -2b52?
316b
In base 7, what is -42 + -1146440?
-1146512
In base 12, what is 3b + 1509?
1548
In base 3, what is 10011 + 200012221?
200100002
In base 11, what is -176778 - 4?
-176781
In base 12, what is -457 + 4?
-453
In base 7, what is -3 + 15341?
15335
In base 2, what is 10111100001010101001 - 101?
10111100001010100100
In base 8, what is 7450 + 0?
7450
In base 3, what is -201 + 1012200?
1011222
In base 6, what is -1 + 125234?
125233
In base 16, what is -3 + 5e1?
5de
In base 13, what is b + -17815?
-17807
In base 10, what is -555 - -1715?
1160
In base 13, what is 112222 - 1?
112221
In base 16, what is -8a64 - 9?
-8a6d
In base 6, what is -1121 + 1124?
3
In base 3, what is -121110 - -22200?
-21210
In base 6, what is -102051 - -102?
-101545
In base 5, what is 240 + -21033?
-20243
In base 16, what is -23323 + -3?
-23326
In base 8, what is -160 - -5463?
5303
In base 10, what is -265946 - -5?
-265941
In base 9, what is 11314 - -27?
11342
In base 3, what is -110 - 101120?
-102000
In base 14, what is -5c2 - 1076?
-1658
In base 13, what is 62a1bc + -3?
62a1b9
In base 8, what is -5721 - -451?
-5250
In base 3, what is 1112212 + 20101?
1210020
In base 11, what is -1937 + -330?
-2167
In base 5, what is 11133244 + 3?
11133302
In base 15, what is 0 - 4e689?
-4e689
In base 13, what is b49 - a?
b3c
In base 6, what is 2035235 + 4?
2035243
In base 5, what is 134 - -3141?
3330
In base 11, what is -1313443 + 2?
-1313441
In base 7, what is -55124 - -21?
-55103
In base 13, what is -1 + 284b?
284a
In base 16, what is 1 + a7daf?
a7db0
In base 4, what is -102 - -1020120?
1020012
In base 13, what is 4 - -a34b7?
a34bb
In base 7, what is -253035 - 3?
-253041
In base 14, what is 17701 + -2?
176dd
In base 10, what is 236066 - -2?
236068
In base 2, what is -100110100010 - -111001001010?
10010101000
In base 14, what is -d1 + 28d?
19c
In base 5, what is -44 + 140434?
140340
In base 14, what is 69d + 904?
11a3
In base 10, what is 1 - 1439?
-1438
In base 15, what is 1c8c + 9?
1c96
In base 10, what is 2979 + -56?
2923
In base 11, what is 982376 + -3?
982373
In base 11, what is 3 - -5784?
5787
In base 7, what is -1 - 411?
-412
In base 15, what is -4d748 - -2?
-4d746
In base 13, what is -282 + 4a5?
223
In base 9, what is -10256546 - 0?
-10256546
In base 10, what is 0 - 334530?
-334530
In base 12, what is 2 - -51703?
51705
In base 4, what is -11 + 32120?
32103
In base 5, what is -12034340 - 41?
-12034431
In base 2, what is 101011011 - -1100000?
110111011
In base 12, what is -2872a - -3?
-28727
In base 6, what is -1 - -2501230?
2501225
In base 13, what is -1 - -4b751?
4b750
In base 15, what is 82ba - -9?
82c4
In base 13, what is -16 + 754a?
7534
In base 2, what is -1011010010 + -1?
-1011010011
In base 11, what is -5 + 647058?
647053
In base 11, what is -14 + 490?
477
In base 14, what is -1 - 2970c?
-2970d
In base 13, what is -8a4120 + 5?
-8a4118
In base 3, what is -110010 + 211120?
101110
In base 10, what is -1 - -23434?
23433
In base 14, what is -14596 + -33?
-145c9
In base 11, what is -3a00 + 95?
-3916
In base 13, what is -4c07 - 46?
-4c50
In base 4, what is -3220 - 2013?
-11233
In base 6, what is 252533323 + -5?
252533314
In base 9, what is -177421 + -5?
-177426
In base 2, what is -1100111000110110 + 10?
-1100111000110100
In base 6, what is 413051 + -5?
413042
In base 11, what is -2 - -208a59?
208a57
In base 13, what is -6 - -248?
242
In base 4, what is 1220221320 + -11?
1220221303
In base 2, what is -1001100 + 101101001?
100011101
In base 7, what is -103334 - 1?
-103335
In base 16, what is -4 - 310?
-314
In base 11, what is 9697a + 5?
96984
In base 14, what is -4239 + -1b?
-4256
In base 2, what is 1000 - 101010100000001?
-101010011111001
In base 4, what is -10 + 2232301?
2232231
In base 15, what is aa2 + -9bc?
d5
In base 13, what is -c30 - 37?
-c67
In base 2, what is 110 + 1010100101010011?
1010100101011001
In base 9, what is -54 + -8384?
-8448
In base 5, what is -2 + -1424341?
-1424343
In base 9, what is -53 - 42?
-105
In base 13, what is 2 + -56b6?
-56b4
In base 11, what is 6 - -595932?
595938
In base 7, what is -151 + -106?
-260
In base 9, what is 3 - 3561?
-3557
In base 3, what is -2101 + 121201222?
121122121
In base 4, what is -21101 + -222?
-21323
In base 4, what is -1 + 21121133?
21121132
In base 14, what is -3 + -8c191?
-8c194
In base 12, what is 1847 + -7b8?
104b
In base 12, what is -15 + a84?
a6b
In base 7, what is -1133301 - -2?
-1133266
In base 11, what is -3770 + -500?
-4170
In base 5, what is -20 + 1110342?
1110322
In base 14, what is 137651 - 5?
13764a
In base 3, what is 121 - 212202?
-212011
In base 11, what is -18 - -1a42?
1a25
In base 11, what is 5 - -1267?
1271
In base 13, what is -aaa - c7?
-ba4
In base 12, what is 12a0a4 + -1?
12a0a3
In base 12, what is -1563 + a7?
-1478
In base 12, what is -5482 - -527?
-4b57
In base 14, what is 1a + 56912?
5692c
In base 12, what is -530 + 2b?
-501
In base 13, what is -c749 + -c?
-c758
In base 11, what is 0 - -360a2?
360a2
In base 10, what is -105152 - 0?
-105152
In base 9, what is 1 - 166380?
-166378
In base 14, what is -2 + -1905d?
-19061
In base 6, what is 2440 - 100?
2340
In base 13, what is 1 - -920a?
920b
In base 14, what is 1 + 4c1a?
4c1b
In base 9, what is -612083 + -3?
-612086
In base 10, what is -1254 + 213?
-1041
In base 3, what is 21000 + -1212111?
-1121111
In base 6, what is -255 - -120?
-135
In base 3, what is -11 + 220221112?
220221101
In base 7, what is 2634412 - 0?
2634412
In base 8, what is 532 - -1112?
1644
In base 11, what is 1779 + 11?
178a
In base 12, what is -53a36 - -12?
-53a24
In base 13, what is 5 + 20054?
20059
In base 4, what is -20 - -1033201330?
1033201310
In base 11, what is -1218 + 1570?
353
In base 9, what is -1273 - 17?
-1301
In base 16, what is -ca2 - 129?
-dcb
In base 8, what is 3 + -17624?
-17621
In base 4, what is -1302113 - -1010?
-1301103
In base 8, what is 775305 + -5?
775300
In base 12, what is 4982 - a?
4974
In base 2, what is 11010 - 1001111010010001?
-1001111001110111
In base 16, what is 19aa6 - 3?
19aa3
In base 2, what is -101101 - 110101011?
-111011000
In base 7, what is 2162 - -43?
2235
In base 6, what is 2 - 25334?
-25332
In base 6, what is 54 - -20412?
20510
In base 10, what is -266 + 856?
590
In base 8, what is -2 + 5056?
5054
In base 7, what is -3 + -1226461?
-1226464
In base 3, what is -2 - 2011221101?
-2011221110
In base 16, what is cc6 + -36?
c90
In base 15, what is 42 - 1092?
-1050
In base 11, what is -632915 + a?
-632906
In base 5, what is 40431 - 222?
40204
In base 12, what is 69 - -1324?
1391
In base 15, what is -d2 + -9d9?
-abb
In base 3, what is 1210 - -2222120?
10001100
In base 2, what is 101 - -1001110111100101111?
1001110111100110100
In base 2, what is -101000101 - 1010010111?
-1111011100
In base 7, what is 133304 + -12?
133262
In base 4, what is -21 + 11331021?
1133100